{"id":43,"date":"2026-02-17T13:42:58","date_gmt":"2026-02-17T12:42:58","guid":{"rendered":"http:\/\/lhuhmkq.cluster027.hosting.ovh.net\/?page_id=43"},"modified":"2026-02-28T17:08:16","modified_gmt":"2026-02-28T16:08:16","slug":"rimborso_reso","status":"publish","type":"page","link":"https:\/\/3000clothing.com\/index.php\/rimborso_reso\/","title":{"rendered":"Politica di rimborso e reso"},"content":{"rendered":"\t\t<div data-elementor-type=\"wp-page\" data-elementor-id=\"43\" class=\"elementor elementor-43\" data-elementor-post-type=\"page\">\n\t\t\t\t<div class=\"elementor-element elementor-element-756b959 e-con-full e-flex e-con e-parent\" data-id=\"756b959\" data-element_type=\"container\">\n\t\t\t\t<div class=\"elementor-element elementor-element-2e356fb8 elementor-widget elementor-widget-text-editor\" data-id=\"2e356fb8\" data-element_type=\"widget\" data-widget_type=\"text-editor.default\">\n\t\t\t\t<div class=\"elementor-widget-container\">\n\t\t\t\t\t\t\t<!-- wp:paragraph -->\n<p style=\"font-weight: 400;\">Politica di Reso &#8211; 3000clothing.com<\/p>\n<p style=\"font-weight: 400;\">Grazie per aver scelto di fare acquisti su 3000clothing.com. Ci impegniamo a garantire la tua soddisfazione con i nostri prodotti. Tuttavia, se per qualsiasi motivo non sei soddisfatto del tuo acquisto, siamo qui per aiutarti.<\/p>\n<p style=\"font-weight: 400;\">Termini generali:<\/p>\n<p style=\"font-weight: 400;\">Periodo di restituzione:\u00a0Accettiamo resi entro 14 giorni dalla data di acquisto. Per essere idonei per un reso, il tuo articolo deve essere inutilizzato e nelle stesse condizioni in cui l&#8217;hai ricevuto.\u00a0La merce dovr\u00e0 essere restituita integra, completa di tutte le sue parti e negli imballi originali. La merce non dovr\u00e0 essere mai stata usata altrimenti non si potr\u00e0 procedere al rimborso che avverr\u00e0 nei successivi 14 giorni lavorativi.<\/p>\n<p style=\"font-weight: 400;\">Procedura di restituzione: Per avviare il processo di restituzione, contattaci via e-mail all&#8217;indirizzo:<br \/>o al numero telefonico:<br \/>fornendo il numero dell&#8217;ordine e il motivo del reso. Ti invieremo istruzioni dettagliate su come procedere con il reso.<\/p>\n<p style=\"font-weight: 400;\">Costi di spedizione:\u00a0I costi di spedizione per la restituzione dell&#8217;articolo sono a carico del cliente, a meno che il reso non sia dovuto a un errore nostro o a un prodotto difettoso.<\/p>\n<p style=\"font-weight: 400;\">Rimborso:\u00a0Una volta ricevuto e ispezionato il tuo reso, ti invieremo una notifica via e-mail per confermare la ricezione. Se il reso \u00e8 approvato, verr\u00e0 elaborato un rimborso automaticamente sulla tua carta di credito o sul metodo di pagamento originale, entro 10 giorni lavorativi.<\/p>\n<p style=\"font-weight: 400;\">Casi specifici:<\/p>\n<p style=\"font-weight: 400;\">Prodotti difettosi o danneggiati:\u00a0Se ricevi un prodotto difettoso o danneggiato, contattaci immediatamente per organizzare una sostituzione o un rimborso completo.<\/p>\n<p style=\"font-weight: 400;\">Confezione di imballaggio danneggiata:\u00a0in caso di scatola di imballaggio danneggiata, accettare il pacco con riserva e assicurarsi che il prodotto sia integro in tutte le sue parti<\/p>\n<p style=\"font-weight: 400;\">Errata spedizione:\u00a0Nel caso in cui ricevi un articolo diverso da quello ordinato, ti preghiamo di contattarci entro 7 giorni dalla ricezione del prodotto per organizzare il reso e la spedizione del prodotto corretto.<\/p>\n<p style=\"font-weight: 400;\">Prodotti personalizzati:\u00a0I prodotti personalizzati o su misura non sono idonei per il reso, a meno che non siano difettosi o danneggiati.<\/p>\n<p style=\"font-weight: 400;\">Contatti:<\/p>\n<p style=\"font-weight: 400;\">Per qualsiasi domanda riguardante la nostra politica di reso o per assistenza aggiuntiva, non esitare a contattarci all&#8217;indirizzo\u00a0 \u00a0tramite il numero di telefono\u00a0 (anche WhatsApp) o tramite il nostro modulo di contatto sul sito web.<\/p>\n<p style=\"font-weight: 400;\">Indirizzo completo dove spedire merce da rendere:<\/p>\n<p style=\"font-weight: 400;\">3000clothing<\/p>\n<p style=\"font-weight: 400;\">indirizzo:<\/p>\n<p style=\"font-weight: 400;\">\u00a0<\/p>\n<p style=\"font-weight: 400;\">Ci impegniamo a garantire che tu sia completamente soddisfatto dei tuoi acquisti su 3000clothing.com. Grazie per la tua fiducia e il tuo sostegno.<\/p>\n<!-- \/wp:paragraph -->\t\t\t\t\t\t<\/div>\n\t\t\t\t<\/div>\n\t\t\t\t<\/div>\n\t\t\t\t<\/div>\n\t\t","protected":false},"excerpt":{"rendered":"<p>Politica di Reso &#8211; 3000clothing.com Grazie per aver scelto di fare acquisti su 3000clothing.com. Ci impegniamo a garantire la tua soddisfazione con i nostri prodotti. Tuttavia, se per qualsiasi motivo non sei soddisfatto del tuo acquisto, siamo qui per aiutarti. Termini generali: Periodo di restituzione:\u00a0Accettiamo resi entro 14 giorni dalla data di acquisto. Per essere [&hellip;]<\/p>\n","protected":false},"author":1,"featured_media":0,"parent":0,"menu_order":0,"comment_status":"closed","ping_status":"closed","template":"elementor_header_footer","meta":{"_monsterinsights_skip_tracking":false,"_monsterinsights_sitenote_active":false,"_monsterinsights_sitenote_note":"","_monsterinsights_sitenote_category":0,"footnotes":""},"class_list":["post-43","page","type-page","status-publish","hentry"],"yoast_head":"<!-- This site is optimized with the Yoast SEO plugin v27.1.1 - https:\/\/yoast.com\/product\/yoast-seo-wordpress\/ -->\n<title>Politica di rimborso e reso - 3000 Clothing<\/title>\n<meta name=\"robots\" content=\"index, follow, max-snippet:-1, max-image-preview:large, max-video-preview:-1\" \/>\n<link rel=\"canonical\" href=\"https:\/\/3000clothing.com\/index.php\/rimborso_reso\/\" \/>\n<meta property=\"og:locale\" content=\"it_IT\" \/>\n<meta property=\"og:type\" content=\"article\" \/>\n<meta property=\"og:title\" content=\"Politica di rimborso e reso - 3000 Clothing\" \/>\n<meta property=\"og:description\" content=\"Politica di Reso &#8211; 3000clothing.com Grazie per aver scelto di fare acquisti su 3000clothing.com. Ci impegniamo a garantire la tua soddisfazione con i nostri prodotti. Tuttavia, se per qualsiasi motivo non sei soddisfatto del tuo acquisto, siamo qui per aiutarti. Termini generali: Periodo di restituzione:\u00a0Accettiamo resi entro 14 giorni dalla data di acquisto. Per essere [&hellip;]\" \/>\n<meta property=\"og:url\" content=\"https:\/\/3000clothing.com\/index.php\/rimborso_reso\/\" \/>\n<meta property=\"og:site_name\" content=\"3000 Clothing\" \/>\n<meta property=\"article:modified_time\" content=\"2026-02-28T16:08:16+00:00\" \/>\n<meta property=\"og:image\" content=\"https:\/\/3000clothing.com\/wp-content\/uploads\/2024\/10\/LOGO-NERO-MINIMAL-ai.png\" \/>\n\t<meta property=\"og:image:width\" content=\"479\" \/>\n\t<meta property=\"og:image:height\" content=\"250\" \/>\n\t<meta property=\"og:image:type\" content=\"image\/png\" \/>\n<meta name=\"twitter:card\" content=\"summary_large_image\" \/>\n<meta name=\"twitter:label1\" content=\"Tempo di lettura stimato\" \/>\n\t<meta name=\"twitter:data1\" content=\"2 minuti\" \/>\n<script type=\"application\/ld+json\" class=\"yoast-schema-graph\">{\"@context\":\"https:\/\/schema.org\",\"@graph\":[{\"@type\":\"WebPage\",\"@id\":\"https:\/\/3000clothing.com\/index.php\/rimborso_reso\/\",\"url\":\"https:\/\/3000clothing.com\/index.php\/rimborso_reso\/\",\"name\":\"Politica di rimborso e reso - 3000 Clothing\",\"isPartOf\":{\"@id\":\"https:\/\/3000clothing.com\/#website\"},\"datePublished\":\"2026-02-17T12:42:58+00:00\",\"dateModified\":\"2026-02-28T16:08:16+00:00\",\"breadcrumb\":{\"@id\":\"https:\/\/3000clothing.com\/index.php\/rimborso_reso\/#breadcrumb\"},\"inLanguage\":\"it-IT\",\"potentialAction\":[{\"@type\":\"ReadAction\",\"target\":[\"https:\/\/3000clothing.com\/index.php\/rimborso_reso\/\"]}]},{\"@type\":\"BreadcrumbList\",\"@id\":\"https:\/\/3000clothing.com\/index.php\/rimborso_reso\/#breadcrumb\",\"itemListElement\":[{\"@type\":\"ListItem\",\"position\":1,\"name\":\"Home\",\"item\":\"https:\/\/3000clothing.com\/\"},{\"@type\":\"ListItem\",\"position\":2,\"name\":\"Politica di rimborso e reso\"}]},{\"@type\":\"WebSite\",\"@id\":\"https:\/\/3000clothing.com\/#website\",\"url\":\"https:\/\/3000clothing.com\/\",\"name\":\"3000 Clothing - Custom & Upcycling\",\"description\":\"LI(F)E\",\"publisher\":{\"@id\":\"https:\/\/3000clothing.com\/#organization\"},\"alternateName\":\"3000 Clothing\",\"potentialAction\":[{\"@type\":\"SearchAction\",\"target\":{\"@type\":\"EntryPoint\",\"urlTemplate\":\"https:\/\/3000clothing.com\/?s={search_term_string}\"},\"query-input\":{\"@type\":\"PropertyValueSpecification\",\"valueRequired\":true,\"valueName\":\"search_term_string\"}}],\"inLanguage\":\"it-IT\"},{\"@type\":\"Organization\",\"@id\":\"https:\/\/3000clothing.com\/#organization\",\"name\":\"3000 Clothing\",\"url\":\"https:\/\/3000clothing.com\/\",\"logo\":{\"@type\":\"ImageObject\",\"inLanguage\":\"it-IT\",\"@id\":\"https:\/\/3000clothing.com\/#\/schema\/logo\/image\/\",\"url\":\"https:\/\/3000clothing.com\/wp-content\/uploads\/2024\/10\/LOGO-NERO-MINIMAL-ai.png\",\"contentUrl\":\"https:\/\/3000clothing.com\/wp-content\/uploads\/2024\/10\/LOGO-NERO-MINIMAL-ai.png\",\"width\":479,\"height\":250,\"caption\":\"3000 Clothing\"},\"image\":{\"@id\":\"https:\/\/3000clothing.com\/#\/schema\/logo\/image\/\"},\"sameAs\":[\"https:\/\/www.instagram.com\/3000li.f.e\/\",\"https:\/\/tiktok.com\/@3000li.f.e\"]}]}<\/script>\n<!-- \/ Yoast SEO plugin. -->","yoast_head_json":{"title":"Politica di rimborso e reso - 3000 Clothing","robots":{"index":"index","follow":"follow","max-snippet":"max-snippet:-1","max-image-preview":"max-image-preview:large","max-video-preview":"max-video-preview:-1"},"canonical":"https:\/\/3000clothing.com\/index.php\/rimborso_reso\/","og_locale":"it_IT","og_type":"article","og_title":"Politica di rimborso e reso - 3000 Clothing","og_description":"Politica di Reso &#8211; 3000clothing.com Grazie per aver scelto di fare acquisti su 3000clothing.com. Ci impegniamo a garantire la tua soddisfazione con i nostri prodotti. Tuttavia, se per qualsiasi motivo non sei soddisfatto del tuo acquisto, siamo qui per aiutarti. Termini generali: Periodo di restituzione:\u00a0Accettiamo resi entro 14 giorni dalla data di acquisto. Per essere [&hellip;]","og_url":"https:\/\/3000clothing.com\/index.php\/rimborso_reso\/","og_site_name":"3000 Clothing","article_modified_time":"2026-02-28T16:08:16+00:00","og_image":[{"width":479,"height":250,"url":"https:\/\/3000clothing.com\/wp-content\/uploads\/2024\/10\/LOGO-NERO-MINIMAL-ai.png","type":"image\/png"}],"twitter_card":"summary_large_image","twitter_misc":{"Tempo di lettura stimato":"2 minuti"},"schema":{"@context":"https:\/\/schema.org","@graph":[{"@type":"WebPage","@id":"https:\/\/3000clothing.com\/index.php\/rimborso_reso\/","url":"https:\/\/3000clothing.com\/index.php\/rimborso_reso\/","name":"Politica di rimborso e reso - 3000 Clothing","isPartOf":{"@id":"https:\/\/3000clothing.com\/#website"},"datePublished":"2026-02-17T12:42:58+00:00","dateModified":"2026-02-28T16:08:16+00:00","breadcrumb":{"@id":"https:\/\/3000clothing.com\/index.php\/rimborso_reso\/#breadcrumb"},"inLanguage":"it-IT","potentialAction":[{"@type":"ReadAction","target":["https:\/\/3000clothing.com\/index.php\/rimborso_reso\/"]}]},{"@type":"BreadcrumbList","@id":"https:\/\/3000clothing.com\/index.php\/rimborso_reso\/#breadcrumb","itemListElement":[{"@type":"ListItem","position":1,"name":"Home","item":"https:\/\/3000clothing.com\/"},{"@type":"ListItem","position":2,"name":"Politica di rimborso e reso"}]},{"@type":"WebSite","@id":"https:\/\/3000clothing.com\/#website","url":"https:\/\/3000clothing.com\/","name":"3000 Clothing - Custom & Upcycling","description":"LI(F)E","publisher":{"@id":"https:\/\/3000clothing.com\/#organization"},"alternateName":"3000 Clothing","potentialAction":[{"@type":"SearchAction","target":{"@type":"EntryPoint","urlTemplate":"https:\/\/3000clothing.com\/?s={search_term_string}"},"query-input":{"@type":"PropertyValueSpecification","valueRequired":true,"valueName":"search_term_string"}}],"inLanguage":"it-IT"},{"@type":"Organization","@id":"https:\/\/3000clothing.com\/#organization","name":"3000 Clothing","url":"https:\/\/3000clothing.com\/","logo":{"@type":"ImageObject","inLanguage":"it-IT","@id":"https:\/\/3000clothing.com\/#\/schema\/logo\/image\/","url":"https:\/\/3000clothing.com\/wp-content\/uploads\/2024\/10\/LOGO-NERO-MINIMAL-ai.png","contentUrl":"https:\/\/3000clothing.com\/wp-content\/uploads\/2024\/10\/LOGO-NERO-MINIMAL-ai.png","width":479,"height":250,"caption":"3000 Clothing"},"image":{"@id":"https:\/\/3000clothing.com\/#\/schema\/logo\/image\/"},"sameAs":["https:\/\/www.instagram.com\/3000li.f.e\/","https:\/\/tiktok.com\/@3000li.f.e"]}]}},"_links":{"self":[{"href":"https:\/\/3000clothing.com\/index.php\/wp-json\/wp\/v2\/pages\/43","targetHints":{"allow":["GET"]}}],"collection":[{"href":"https:\/\/3000clothing.com\/index.php\/wp-json\/wp\/v2\/pages"}],"about":[{"href":"https:\/\/3000clothing.com\/index.php\/wp-json\/wp\/v2\/types\/page"}],"author":[{"embeddable":true,"href":"https:\/\/3000clothing.com\/index.php\/wp-json\/wp\/v2\/users\/1"}],"replies":[{"embeddable":true,"href":"https:\/\/3000clothing.com\/index.php\/wp-json\/wp\/v2\/comments?post=43"}],"version-history":[{"count":7,"href":"https:\/\/3000clothing.com\/index.php\/wp-json\/wp\/v2\/pages\/43\/revisions"}],"predecessor-version":[{"id":505,"href":"https:\/\/3000clothing.com\/index.php\/wp-json\/wp\/v2\/pages\/43\/revisions\/505"}],"wp:attachment":[{"href":"https:\/\/3000clothing.com\/index.php\/wp-json\/wp\/v2\/media?parent=43"}],"curies":[{"name":"wp","href":"https:\/\/api.w.org\/{rel}","templated":true}]}}